hat is the hundreds digit of 1676210557?
5
What is the units digit of 634135951?
1
What is the units digit of 17042998?
8
What is the tens digit of 1372122566?
6
What is the units digit of 88309331?
1
What is the hundreds digit of 4741588107?
1
What is the hundred thousands digit of 361602411?
6
What is the billions digit of 1673266287?
1
What is the ten thousands digit of 161168553?
6
What is the hundreds digit of 125406688?
6
What is the hundreds digit of 716709875?
8
What is the units digit of 324289125?
5
What is the ten millions digit of 289318441?
8
What is the ten thousands digit of 19386782?
8
What is the tens digit of 74920061?
6
What is the hundred thousands digit of 481607045?
6
What is the hundreds digit of 1120872381?
3
What is the units digit of 38552959?
9
What is the millions digit of 338915131?
8
What is the ten thousands digit of 604151143?
5
What is the tens digit of 8073250?
5
What is the hundreds digit of 1123984105?
1
What is the hundred millions digit of 659663693?
6
What is the tens digit of 38975911?
1
What is the tens digit of 6654778?
7
What is the units digit of 32260693?
3
What is the hundred thousands digit of 15840005?
8
What is the thousands digit of 4567791497?
1
What is the units digit of 624412486?
6
What is the units digit of 47087599?
9
What is the hundred millions digit of 1473467329?
4
What is the hundred millions digit of 922764777?
9
What is the hundreds digit of 19908230?
2
What is the hundreds digit of 61839249?
2
What is the units digit of 107876993?
3
What is the thousands digit of 104699676?
9
What is the ten thousands digit of 678992429?
9
What is the ten thousands digit of 1989967960?
6
What is the ten thousands digit of 5469342799?
4
What is the ten thousands digit of 904516511?
1
What is the hundred thousands digit of 83082617?
0
What is the hundreds digit of 37296989?
9
What is the thousands digit of 468085626?
5
What is the tens digit of 439564751?
5
What is the tens digit of 489894577?
7
What is the millions digit of 1236653326?
6
What is the ten thousands digit of 237780665?
8
What is the ten millions digit of 200353965?
0
What is the millions digit of 45142381?
5
What is the tens digit of 230807993?
9
What is the units digit of 235028264?
4
What is the ten millions digit of 14991907?
1
What is the ten millions digit of 3800795127?
0
What is the ten millions digit of 1987289989?
8
What is the thousands digit of 184380115?
0
What is the hundreds digit of 2911194745?
7
What is the millions digit of 2509733785?
9
What is the ten thousands digit of 29847226?
4
What is the tens digit of 181646924?
2
What is the tens digit of 1541740460?
6
What is the millions digit of 491537004?
1
What is the millions digit of 1039073221?
9
What is the ten millions digit of 310413608?
1
What is the ten thousands digit of 123081872?
8
What is the hundreds digit of 169533527?
5
What is the millions digit of 8834858?
8
What is the units digit of 38320565?
5
What is the hundreds digit of 14459293?
2
What is the tens digit of 1255769901?
0
What is the tens digit of 87100469?
6
What is the units digit of 38458071?
1
What is the tens digit of 8525044?
4
What is the millions digit of 53309181?
3
What is the ten millions digit of 84989233?
8
What is the units digit of 599982283?
3
What is the ten millions digit of 180582024?
8
What is the thousands digit of 78556251?
6
What is the ten millions digit of 163087356?
6
What is the thousands digit of 6167552?
7
What is the hundreds digit of 1173671303?
3
What is the ten thousands digit of 630381384?
8
What is the units digit of 84869087?
7
What is the ten millions digit of 326501424?
2
What is the ten millions digit of 22049248?
2
What is the hundreds digit of 1353614988?
9
What is the units digit of 936587728?
8
What is the ten thousands digit of 1342820099?
2
What is the hundreds digit of 172464030?
0
What is the millions digit of 126983523?
6
What is the millions digit of 3684665841?
4
What is the ten millions digit of 227307687?
2
What is the tens digit of 303770043?
4
What is the hundreds digit of 7367777613?
6
What is the hundreds digit of 926563371?
3
What is the thousands digit of 410189427?
9
What is the ten thousands digit of 61638884?
3
What is the units digit of 941979255?
5
What is the hundred thousands digit of 336743243?
7
What is the billions digit of 3123614554?
3
What is the ten thousands digit of 574420743?
2
What is the thousands digit of 2708145677?
5
What is the hundred thousands digit of 43364524?
3
What is the ten thousands digit of 470747580?
4
What is the units digit of 1080042356?
6
What is the hundred thousands digit of 392167662?
1
What is the ten thousands digit of 94300971?
0
What is the hundreds digit of 203942902?
9
What is the hundreds digit of 748478644?
6
What is the ten thousands digit of 597395108?
9
What is the tens digit of 791648443?
4
What is the ten millions digit of 70541015?
7
What is the thousands digit of 127623057?
3
What is the hundred millions digit of 219105983?
2
What is the thousands digit of 798578811?
8
What is the thousands digit of 52496798?
6
What is the millions digit of 94409529?
4
What is the hundreds digit of 284102244?
2
What is the hundred thousands digit of 150091636?
0
What is the units digit of 3071699643?
3
What is the millions digit of 3112894406?
2
What is the units digit of 60288809?
9
What is the hundreds digit of 36062654?
6
What is the units digit of 327073016?
6
What is the millions digit of 310331854?
0
What is the ten millions digit of 8600721322?
0
What is the ten millions digit of 64283291?
6
What is the millions digit of 17699409?
7
What is the ten thousands digit of 442038186?
3
What is the thousands digit of 42469529?
9
What is the ten thousands digit of 134892093?
9
What is the tens digit of 45099599?
9
What is the thousands digit of 914223?
4
What is the millions digit of 152365692?
2
What is the tens digit of 2348816511?
1
What is the thousands digit of 28081522?
1
What is the ten millions digit of 33364332?
3
What is the hundreds digit of 4239386399?
3
What is the millions digit of 77173297?
7
What is the hundreds digit of 5364590678?
6
What is the ten thousands digit of 39155755?
5
What is the units digit of 1437522836?
6
What is the hundred thousands digit of 2498179882?
1
What is the units digit of 467745583?
3
What is the units digit of 2598437368?
8
What is the hundreds digit of 170939682?
6
What is the millions digit of 879721566?
9
What is the hundred thousands digit of 25998080?
9
What is the hundreds digit of 156977387?
3
What is the thousands digit of 833680739?
0
What is the hundred thousands digit of 50309162?
3
What is the hundreds digit of 386389657?
6
What is the millions digit of 289441793?
9
What is the ten millions digit of 33255921?
3
What is the units digit of 109777192?
2
What is the hundred thousands digit of 229315250?
3
What is the thousands digit of 58769461?
9
What is the units digit of 19880166?
6
What is the tens digit of 302773667?
6
What is the thousands digit of 210183808?
3
What is the hundred millions digit of 192612233?
1
What is the units digit of 8773462?
2
What is the billions digit of 1835209599?
1
What is the units digit of 106041455?
5
What is the thousands digit of 569447301?
7
What is the hundred thousands digit of 60851463?
8
What is the tens digit of 96624332?
3
What is the hundreds digit of 5638848?
8
What is the units digit of 941976313?
3
What is the thousands digit of 45716343?
6
What is the units digit of 4107564511?
1
What is the units digit of 1645602636?
6
What is the ten thousands digit of 240482102?
8
What is the units digit of 11893363?
3
What is the millions digit of 153131511?
3
What is the thousands digit of 495926368?
6
What is the hundred thousands digit of 35223993?
2
What is the ten millions digit of 136847733?
3
What is the ten thousands digit of 52363651?
6
What is the ten millions digit of 84143832?
8
What is the thousands digit of 125469759?
9
What is the tens digit of 2357595278?
7
What is the tens digit of 63666537?
3
What is the hundred thousands digit of 2081946465?
9
What is the units digit of 30789787?
7
What is the thousands digit of 117140268?
0
What is the tens digit of 299896623?
2
What is the hundreds digit of 